{"id":6,"date":"2023-12-12T14:32:58","date_gmt":"2023-12-12T17:32:58","guid":{"rendered":"https:\/\/vanessa.metadigitalstar.com.br\/?page_id=6"},"modified":"2024-01-03T22:05:19","modified_gmt":"2024-01-04T01:05:19","slug":"elementor-6","status":"publish","type":"page","link":"https:\/\/vanessa.metadigitalstar.com.br\/","title":{"rendered":"Menu de Produtos e Servi\u00e7os"},"content":{"rendered":"\t\t<div data-elementor-type=\"wp-post\" data-elementor-id=\"6\" class=\"elementor elementor-6\">\n\t\t\t\t\t\t\t<div class=\"elementor-element elementor-element-f408c41 e-flex e-con-boxed e-con e-parent\" data-id=\"f408c41\" data-element_type=\"container\" data-settings=\"{&quot;background_background&quot;:&quot;classic&quot;,&quot;content_width&quot;:&quot;boxed&quot;}\" data-core-v316-plus=\"true\">\n\t\t\t\t\t<div class=\"e-con-inner\">\n\t\t<div class=\"elementor-element elementor-element-702d5be e-con-full e-flex e-con e-child\" data-id=\"702d5be\" data-element_type=\"container\" data-settings=\"{&quot;content_width&quot;:&quot;full&quot;}\">\n\t\t\t\t<\/div>\n\t\t<div class=\"elementor-element elementor-element-03f2f50 e-con-full e-flex e-con e-child\" data-id=\"03f2f50\" data-element_type=\"container\" data-settings=\"{&quot;content_width&quot;:&quot;full&quot;}\">\n\t\t\t\t<div class=\"elementor-element elementor-element-c107ec0 elementor-widget__width-initial elementor-widget-mobile__width-initial elementor-widget elementor-widget-image\" data-id=\"c107ec0\" data-element_type=\"widget\" data-widget_type=\"image.default\">\n\t\t\t\t<div class=\"elementor-widget-container\">\n\t\t\t<style>\/*! elementor - v3.18.0 - 20-12-2023 *\/\n.elementor-widget-image{text-align:center}.elementor-widget-image a{display:inline-block}.elementor-widget-image a img[src$=\".svg\"]{width:48px}.elementor-widget-image img{vertical-align:middle;display:inline-block}<\/style>\t\t\t\t\t\t\t\t\t\t\t\t<img decoding=\"async\" src=\"https:\/\/vanessa.metadigitalstar.com.br\/wp-content\/uploads\/2023\/12\/Professional-Profile-Photo-Instagram-Post-4.webp\" title=\"Professional Profile Photo Instagram Post (4)\" alt=\"Professional Profile Photo Instagram Post (4)\" loading=\"lazy\" \/>\t\t\t\t\t\t\t\t\t\t\t\t\t\t\t<\/div>\n\t\t\t\t<\/div>\n\t\t\t\t<div class=\"elementor-element elementor-element-29cd890 elementor-widget elementor-widget-heading\" data-id=\"29cd890\" data-element_type=\"widget\" data-widget_type=\"heading.default\">\n\t\t\t\t<div class=\"elementor-widget-container\">\n\t\t\t<style>\/*! elementor - v3.18.0 - 20-12-2023 *\/\n.elementor-heading-title{padding:0;margin:0;line-height:1}.elementor-widget-heading .elementor-heading-title[class*=elementor-size-]>a{color:inherit;font-size:inherit;line-height:inherit}.elementor-widget-heading .elementor-heading-title.elementor-size-small{font-size:15px}.elementor-widget-heading .elementor-heading-title.elementor-size-medium{font-size:19px}.elementor-widget-heading .elementor-heading-title.elementor-size-large{font-size:29px}.elementor-widget-heading .elementor-heading-title.elementor-size-xl{font-size:39px}.elementor-widget-heading .elementor-heading-title.elementor-size-xxl{font-size:59px}<\/style><h2 class=\"elementor-heading-title elementor-size-default\">Vanessa Sene<\/h2>\t\t<\/div>\n\t\t\t\t<\/div>\n\t\t\t\t<div class=\"elementor-element elementor-element-a7e36f1 elementor-widget elementor-widget-image\" data-id=\"a7e36f1\" data-element_type=\"widget\" data-widget_type=\"image.default\">\n\t\t\t\t<div class=\"elementor-widget-container\">\n\t\t\t\t\t\t\t\t\t\t\t\t\t\t\t\t<a href=\"https:\/\/api.whatsapp.com\/send?phone=554199846175&#038;text=Ol\u00e1,%20Vanessa!%20Gostaria%20de%20mais%20informa\u00e7\u00f5es%20sobre%20a%20Mentoria%20para%20L\u00edderes\">\n\t\t\t\t\t\t\t<img fetchpriority=\"high\" decoding=\"async\" width=\"739\" height=\"399\" src=\"https:\/\/vanessa.metadigitalstar.com.br\/wp-content\/uploads\/2023\/12\/Mentalidade-Cura-Fred-2-11.webp\" class=\"attachment-large size-large wp-image-77\" alt=\"\" srcset=\"https:\/\/vanessa.metadigitalstar.com.br\/wp-content\/uploads\/2023\/12\/Mentalidade-Cura-Fred-2-11.webp 739w, https:\/\/vanessa.metadigitalstar.com.br\/wp-content\/uploads\/2023\/12\/Mentalidade-Cura-Fred-2-11-300x162.webp 300w\" sizes=\"(max-width: 739px) 100vw, 739px\" \/>\t\t\t\t\t\t\t\t<\/a>\n\t\t\t\t\t\t\t\t\t\t\t\t\t\t\t<\/div>\n\t\t\t\t<\/div>\n\t\t\t\t<div class=\"elementor-element elementor-element-b42cd8d elementor-widget elementor-widget-image\" data-id=\"b42cd8d\" data-element_type=\"widget\" data-widget_type=\"image.default\">\n\t\t\t\t<div class=\"elementor-widget-container\">\n\t\t\t\t\t\t\t\t\t\t\t\t\t\t\t\t<a href=\"https:\/\/aartedeeducar.com.br\/\">\n\t\t\t\t\t\t\t<img decoding=\"async\" width=\"739\" height=\"399\" src=\"https:\/\/vanessa.metadigitalstar.com.br\/wp-content\/uploads\/2023\/12\/Mentalidade-Cura-Fred.webp\" class=\"attachment-large size-large wp-image-82\" alt=\"\" srcset=\"https:\/\/vanessa.metadigitalstar.com.br\/wp-content\/uploads\/2023\/12\/Mentalidade-Cura-Fred.webp 739w, https:\/\/vanessa.metadigitalstar.com.br\/wp-content\/uploads\/2023\/12\/Mentalidade-Cura-Fred-300x162.webp 300w\" sizes=\"(max-width: 739px) 100vw, 739px\" \/>\t\t\t\t\t\t\t\t<\/a>\n\t\t\t\t\t\t\t\t\t\t\t\t\t\t\t<\/div>\n\t\t\t\t<\/div>\n\t\t\t\t<div class=\"elementor-element elementor-element-94fcff0 elementor-widget elementor-widget-image\" data-id=\"94fcff0\" data-element_type=\"widget\" data-widget_type=\"image.default\">\n\t\t\t\t<div class=\"elementor-widget-container\">\n\t\t\t\t\t\t\t\t\t\t\t\t\t\t\t\t<a href=\"https:\/\/api.whatsapp.com\/send?phone=554199846175&#038;text=Ol\u00e1,%20Vanessa!%20Gostaria%20de%20mais%20informa\u00e7\u00f5es%20sobre%20o%20Processo%20de%20Coaching\">\n\t\t\t\t\t\t\t<img decoding=\"async\" width=\"739\" height=\"399\" src=\"https:\/\/vanessa.metadigitalstar.com.br\/wp-content\/uploads\/2023\/12\/Mentalidade-Cura-Fred-1.webp\" class=\"attachment-large size-large wp-image-89\" alt=\"\" srcset=\"https:\/\/vanessa.metadigitalstar.com.br\/wp-content\/uploads\/2023\/12\/Mentalidade-Cura-Fred-1.webp 739w, https:\/\/vanessa.metadigitalstar.com.br\/wp-content\/uploads\/2023\/12\/Mentalidade-Cura-Fred-1-300x162.webp 300w\" sizes=\"(max-width: 739px) 100vw, 739px\" \/>\t\t\t\t\t\t\t\t<\/a>\n\t\t\t\t\t\t\t\t\t\t\t\t\t\t\t<\/div>\n\t\t\t\t<\/div>\n\t\t\t\t<div class=\"elementor-element elementor-element-c4cc8a8 elementor-widget elementor-widget-image\" data-id=\"c4cc8a8\" data-element_type=\"widget\" data-widget_type=\"image.default\">\n\t\t\t\t<div class=\"elementor-widget-container\">\n\t\t\t\t\t\t\t\t\t\t\t\t\t\t\t\t<a href=\"https:\/\/api.whatsapp.com\/send?phone=554199846175&#038;text=Ol\u00e1,%20Vanessa!%20Gostaria%20de%20mais%20informa\u00e7\u00f5es%20sobre%20o%20Perfil%20Comportamental\">\n\t\t\t\t\t\t\t<img loading=\"lazy\" decoding=\"async\" width=\"739\" height=\"399\" src=\"https:\/\/vanessa.metadigitalstar.com.br\/wp-content\/uploads\/2023\/12\/Mentalidade-Cura-Fred-2-1.webp\" class=\"attachment-large size-large wp-image-84\" alt=\"\" srcset=\"https:\/\/vanessa.metadigitalstar.com.br\/wp-content\/uploads\/2023\/12\/Mentalidade-Cura-Fred-2-1.webp 739w, https:\/\/vanessa.metadigitalstar.com.br\/wp-content\/uploads\/2023\/12\/Mentalidade-Cura-Fred-2-1-300x162.webp 300w\" sizes=\"(max-width: 739px) 100vw, 739px\" \/>\t\t\t\t\t\t\t\t<\/a>\n\t\t\t\t\t\t\t\t\t\t\t\t\t\t\t<\/div>\n\t\t\t\t<\/div>\n\t\t\t\t<div class=\"elementor-element elementor-element-5e66773 elementor-widget elementor-widget-image\" data-id=\"5e66773\" data-element_type=\"widget\" data-widget_type=\"image.default\">\n\t\t\t\t<div class=\"elementor-widget-container\">\n\t\t\t\t\t\t\t\t\t\t\t\t\t\t\t\t<a href=\"https:\/\/conteudo20x.metadigitalstar.com.br\/\">\n\t\t\t\t\t\t\t<img loading=\"lazy\" decoding=\"async\" width=\"739\" height=\"399\" src=\"https:\/\/vanessa.metadigitalstar.com.br\/wp-content\/uploads\/2023\/12\/Mentalidade-Cura-Fred-4-1.webp\" class=\"attachment-large size-large wp-image-86\" alt=\"\" srcset=\"https:\/\/vanessa.metadigitalstar.com.br\/wp-content\/uploads\/2023\/12\/Mentalidade-Cura-Fred-4-1.webp 739w, https:\/\/vanessa.metadigitalstar.com.br\/wp-content\/uploads\/2023\/12\/Mentalidade-Cura-Fred-4-1-300x162.webp 300w\" sizes=\"(max-width: 739px) 100vw, 739px\" \/>\t\t\t\t\t\t\t\t<\/a>\n\t\t\t\t\t\t\t\t\t\t\t\t\t\t\t<\/div>\n\t\t\t\t<\/div>\n\t\t\t\t<div class=\"elementor-element elementor-element-9a5e9b5 elementor-widget elementor-widget-image\" data-id=\"9a5e9b5\" data-element_type=\"widget\" data-widget_type=\"image.default\">\n\t\t\t\t<div class=\"elementor-widget-container\">\n\t\t\t\t\t\t\t\t\t\t\t\t\t\t\t\t<a href=\"https:\/\/api.whatsapp.com\/send?phone=554199846175&#038;text=Ol\u00e1,%20Vanessa!%20Gostaria%20de%20mais%20informa\u00e7\u00f5es%20sobre%20o%20Workshop%20Foco%20na%20Pr\u00e1tica.\">\n\t\t\t\t\t\t\t<img loading=\"lazy\" decoding=\"async\" width=\"739\" height=\"399\" src=\"https:\/\/vanessa.metadigitalstar.com.br\/wp-content\/uploads\/2023\/12\/Mentalidade-Cura-Fred-3-1.webp\" class=\"attachment-large size-large wp-image-85\" alt=\"\" srcset=\"https:\/\/vanessa.metadigitalstar.com.br\/wp-content\/uploads\/2023\/12\/Mentalidade-Cura-Fred-3-1.webp 739w, https:\/\/vanessa.metadigitalstar.com.br\/wp-content\/uploads\/2023\/12\/Mentalidade-Cura-Fred-3-1-300x162.webp 300w\" sizes=\"(max-width: 739px) 100vw, 739px\" \/>\t\t\t\t\t\t\t\t<\/a>\n\t\t\t\t\t\t\t\t\t\t\t\t\t\t\t<\/div>\n\t\t\t\t<\/div>\n\t\t\t\t<div class=\"elementor-element elementor-element-30eb687 elementor-widget elementor-widget-image\" data-id=\"30eb687\" data-element_type=\"widget\" data-widget_type=\"image.default\">\n\t\t\t\t<div class=\"elementor-widget-container\">\n\t\t\t\t\t\t\t\t\t\t\t\t\t\t\t\t<a href=\"https:\/\/api.whatsapp.com\/send?phone=554199846175&#038;text=Ol\u00e1,%20Vanessa!%20Gostaria%20de%20mais%20informa\u00e7\u00f5es%20sobre%20o%20Treinamento%20Poder%20e%20Altaperformance\">\n\t\t\t\t\t\t\t<img loading=\"lazy\" decoding=\"async\" width=\"739\" height=\"399\" src=\"https:\/\/vanessa.metadigitalstar.com.br\/wp-content\/uploads\/2023\/12\/Mentalidade-Cura-Fred-6-1.webp\" class=\"attachment-large size-large wp-image-88\" alt=\"\" srcset=\"https:\/\/vanessa.metadigitalstar.com.br\/wp-content\/uploads\/2023\/12\/Mentalidade-Cura-Fred-6-1.webp 739w, https:\/\/vanessa.metadigitalstar.com.br\/wp-content\/uploads\/2023\/12\/Mentalidade-Cura-Fred-6-1-300x162.webp 300w\" sizes=\"(max-width: 739px) 100vw, 739px\" \/>\t\t\t\t\t\t\t\t<\/a>\n\t\t\t\t\t\t\t\t\t\t\t\t\t\t\t<\/div>\n\t\t\t\t<\/div>\n\t\t\t\t<div class=\"elementor-element elementor-element-64a7ea6 elementor-widget elementor-widget-image\" data-id=\"64a7ea6\" data-element_type=\"widget\" data-widget_type=\"image.default\">\n\t\t\t\t<div class=\"elementor-widget-container\">\n\t\t\t\t\t\t\t\t\t\t\t\t\t\t\t\t<a href=\"https:\/\/api.whatsapp.com\/send?phone=554199846175&#038;text=Ol\u00e1,%20Vanessa!%20Gostaria%20de%20mais%20informa\u00e7\u00f5es%20sobre%20o%20Treinamento%20Poder%20da%20Autorresponsabilidade\">\n\t\t\t\t\t\t\t<img loading=\"lazy\" decoding=\"async\" width=\"739\" height=\"399\" src=\"https:\/\/vanessa.metadigitalstar.com.br\/wp-content\/uploads\/2023\/12\/Mentalidade-Cura-Fred-5-1.webp\" class=\"attachment-large size-large wp-image-87\" alt=\"\" srcset=\"https:\/\/vanessa.metadigitalstar.com.br\/wp-content\/uploads\/2023\/12\/Mentalidade-Cura-Fred-5-1.webp 739w, https:\/\/vanessa.metadigitalstar.com.br\/wp-content\/uploads\/2023\/12\/Mentalidade-Cura-Fred-5-1-300x162.webp 300w\" sizes=\"(max-width: 739px) 100vw, 739px\" \/>\t\t\t\t\t\t\t\t<\/a>\n\t\t\t\t\t\t\t\t\t\t\t\t\t\t\t<\/div>\n\t\t\t\t<\/div>\n\t\t\t\t<div class=\"elementor-element elementor-element-50c7148 elementor-widget elementor-widget-image\" data-id=\"50c7148\" data-element_type=\"widget\" data-widget_type=\"image.default\">\n\t\t\t\t<div class=\"elementor-widget-container\">\n\t\t\t\t\t\t\t\t\t\t\t\t\t\t\t<img loading=\"lazy\" decoding=\"async\" width=\"1024\" height=\"553\" src=\"https:\/\/vanessa.metadigitalstar.com.br\/wp-content\/uploads\/2023\/12\/17-1024x553.webp\" class=\"attachment-large size-large wp-image-73\" alt=\"\" srcset=\"https:\/\/vanessa.metadigitalstar.com.br\/wp-content\/uploads\/2023\/12\/17-1024x553.webp 1024w, https:\/\/vanessa.metadigitalstar.com.br\/wp-content\/uploads\/2023\/12\/17-300x162.webp 300w, https:\/\/vanessa.metadigitalstar.com.br\/wp-content\/uploads\/2023\/12\/17-768x415.webp 768w, https:\/\/vanessa.metadigitalstar.com.br\/wp-content\/uploads\/2023\/12\/17.webp 1109w\" sizes=\"(max-width: 1024px) 100vw, 1024px\" \/>\t\t\t\t\t\t\t\t\t\t\t\t\t\t\t<\/div>\n\t\t\t\t<\/div>\n\t\t\t\t<div class=\"elementor-element elementor-element-f1ac367 elementor-widget elementor-widget-heading\" data-id=\"f1ac367\" data-element_type=\"widget\" data-widget_type=\"heading.default\">\n\t\t\t\t<div class=\"elementor-widget-container\">\n\t\t\t<h2 class=\"elementor-heading-title elementor-size-default\">feito por<\/h2>\t\t<\/div>\n\t\t\t\t<\/div>\n\t\t\t\t<div class=\"elementor-element elementor-element-e2adf35 elementor-widget__width-initial elementor-widget-mobile__width-initial elementor-widget elementor-widget-image\" data-id=\"e2adf35\" data-element_type=\"widget\" data-widget_type=\"image.default\">\n\t\t\t\t<div class=\"elementor-widget-container\">\n\t\t\t\t\t\t\t\t\t\t\t\t\t\t\t<img decoding=\"async\" src=\"https:\/\/vanessa.metadigitalstar.com.br\/wp-content\/uploads\/2023\/12\/Logo-meta-digital-star.webp\" title=\"Logo meta digital star\" alt=\"Logo meta digital star\" loading=\"lazy\" \/>\t\t\t\t\t\t\t\t\t\t\t\t\t\t\t<\/div>\n\t\t\t\t<\/div>\n\t\t\t\t<\/div>\n\t\t<div class=\"elementor-element elementor-element-8b956bf e-con-full e-flex e-con e-child\" data-id=\"8b956bf\" data-element_type=\"container\" data-settings=\"{&quot;content_width&quot;:&quot;full&quot;}\">\n\t\t\t\t<div class=\"elementor-element elementor-element-757e8c2 elementor-widget elementor-widget-html\" data-id=\"757e8c2\" data-element_type=\"widget\" data-widget_type=\"html.default\">\n\t\t\t\t<div class=\"elementor-widget-container\">\n\t\t\t<!DOCTYPE html>\r\n<html lang=\"en\">\r\n<head>\r\n  <meta charset=\"UTF-8\">\r\n  <meta name=\"viewport\" content=\"width=device-width, initial-scale=1.0\">\r\n  <style>\r\n    body {\r\n      margin: 0;\r\n      padding: 0;\r\n    }\r\n\r\n    .whatsapp-button {\r\n      position: fixed;\r\n      bottom: 20px;\r\n      right: 20px;\r\n      background-color: transparent;\r\n      border: none;\r\n      outline: none;\r\n      cursor: pointer;\r\n      z-index: 1000;\r\n    }\r\n\r\n    .whatsapp-circle {\r\n      position: relative;\r\n      border-radius: 50%;\r\n      background-color: rgba(0, 128, 0, 0.5); \/* Cor branca transparente *\/\r\n      width: 60px;\r\n      height: 60px;\r\n      animation: pulse 1.5s infinite;\r\n    }\r\n\r\n    .whatsapp-icon {\r\n      position: absolute;\r\n      top: 50%;\r\n      left: 50%;\r\n      transform: translate(-50%, -50%);\r\n      width: 40px;\r\n      height: 40px;\r\n    }\r\n\r\n    @keyframes pulse {\r\n      0% {\r\n        box-shadow: 0 0 0 0 rgba(0, 128, 0, 0.5), 0 0 0 0 rgba(0, 128, 0, 0.5); \/* Adiciona um efeito de onda sonora *\/\r\n      }\r\n      50% {\r\n        box-shadow: 0 0 20px 10px rgba(0, 128, 0, 0.5), 0 0 0 0 rgba(0, 128, 0, 0.5); \/* Adiciona um efeito de onda sonora *\/\r\n      }\r\n      100% {\r\n        box-shadow: 0 0 0 0 rgba(0, 128, 0, 0.5), 0 0 0 10px rgba(0, 128, 0, 0.5); \/* Adiciona um efeito de onda sonora *\/\r\n      }\r\n    }\r\n  <\/style>\r\n<\/head>\r\n<body>\r\n\r\n  <div class=\"whatsapp-button\" onclick=\"openWhatsApp()\">\r\n    <div class=\"whatsapp-circle\"><\/div>\r\n    <img decoding=\"async\" class=\"whatsapp-icon\" src=\"https:\/\/i.imgur.com\/ryESuZ5.png\" alt=\"WhatsApp\">\r\n  <\/div>\r\n\r\n  <script>\r\n    function openWhatsApp() {\r\n      \/\/ Substitua o link abaixo pelo link do seu n\u00famero no WhatsApp\r\n      window.open('https:\/\/api.whatsapp.com\/send?phone=5541999846175&text=Ol\u00e1!%20Gostaria%20de%20mais%20informa\u00e7\u00f5es%20sobre%20o%20seu%20trabalho', '_blank');\r\n    }\r\n\r\n    \/\/ Adiciona um listener para ajustar a posi\u00e7\u00e3o do bot\u00e3o ao rolar\r\n    window.onscroll = function() {\r\n      positionWhatsAppButton();\r\n    };\r\n\r\n    function positionWhatsAppButton() {\r\n      var button = document.querySelector('.whatsapp-button');\r\n      button.style.bottom = '20px'; \/\/ ajuste conforme necess\u00e1rio\r\n    }\r\n    \r\n    \/\/ Chama a fun\u00e7\u00e3o para posicionar o bot\u00e3o ao carregar a p\u00e1gina\r\n    positionWhatsAppButton();\r\n  <\/script>\r\n\r\n  <!-- Seu c\u00f3digo existente aqui -->\r\n\r\n<\/body>\r\n<\/html>\r\n\r\n\t\t<\/div>\n\t\t\t\t<\/div>\n\t\t\t\t<\/div>\n\t\t\t\t\t<\/div>\n\t\t\t\t<\/div>\n\t\t\t\t\t\t\t<\/div>\n\t\t","protected":false},"excerpt":{"rendered":"<p>Vanessa Sene feito por<\/p>\n","protected":false},"author":1,"featured_media":9,"parent":0,"menu_order":0,"comment_status":"closed","ping_status":"closed","template":"elementor_canvas","meta":{"footnotes":""},"class_list":["post-6","page","type-page","status-publish","has-post-thumbnail","hentry"],"_links":{"self":[{"href":"https:\/\/vanessa.metadigitalstar.com.br\/index.php\/wp-json\/wp\/v2\/pages\/6"}],"collection":[{"href":"https:\/\/vanessa.metadigitalstar.com.br\/index.php\/wp-json\/wp\/v2\/pages"}],"about":[{"href":"https:\/\/vanessa.metadigitalstar.com.br\/index.php\/wp-json\/wp\/v2\/types\/page"}],"author":[{"embeddable":true,"href":"https:\/\/vanessa.metadigitalstar.com.br\/index.php\/wp-json\/wp\/v2\/users\/1"}],"replies":[{"embeddable":true,"href":"https:\/\/vanessa.metadigitalstar.com.br\/index.php\/wp-json\/wp\/v2\/comments?post=6"}],"version-history":[{"count":52,"href":"https:\/\/vanessa.metadigitalstar.com.br\/index.php\/wp-json\/wp\/v2\/pages\/6\/revisions"}],"predecessor-version":[{"id":107,"href":"https:\/\/vanessa.metadigitalstar.com.br\/index.php\/wp-json\/wp\/v2\/pages\/6\/revisions\/107"}],"wp:featuredmedia":[{"embeddable":true,"href":"https:\/\/vanessa.metadigitalstar.com.br\/index.php\/wp-json\/wp\/v2\/media\/9"}],"wp:attachment":[{"href":"https:\/\/vanessa.metadigitalstar.com.br\/index.php\/wp-json\/wp\/v2\/media?parent=6"}],"curies":[{"name":"wp","href":"https:\/\/api.w.org\/{rel}","templated":true}]}}